{"id":9,"date":"2020-01-07T13:24:55","date_gmt":"2020-01-07T13:24:55","guid":{"rendered":"http:\/\/blogs.kent.ac.uk\/pspacek\/?page_id=9"},"modified":"2022-01-11T16:39:28","modified_gmt":"2022-01-11T16:39:28","slug":"homepage","status":"publish","type":"page","link":"https:\/\/blogs.kent.ac.uk\/pspacek\/","title":{"rendered":"Peter Spacek&#8217;s Homepage"},"content":{"rendered":"<h2 style=\"text-align: left\">About me<\/h2>\n<p>I am currently a post-doc at the TU Chemnitz, under supervision of Prof Christian Sevenheck. Before, I was an <a href=\"https:\/\/www.lms.ac.uk\/grants\/lms-early-career-fellowships\">Early Career Fellow<\/a> of the London Mathematical Society, with support from the Heilbronn Institute for Mathematical Research, and hosted by Prof Nicolas Perrin at the Laboratoire de Math\u00e9matiques de Versailles.\u00a0I did my PhD under supervision of Dr Cl\u00e9lia Pech and Prof Andrew Hone at the University of Kent, in Canterbury (UK). I did my Master&#8217;s and Bachelor&#8217;s degrees in Mathematics and Theoretical Physics at the University of Amsterdam (the Netherlands).<\/p>\n<p>My current research concerns mirror symmetry for (quasi-)cominuscule homogeneous spaces. I have a special interest in the Cayley plane (type E6) and the Freudenthal variety (type E7).<\/p>\n<p><a href=\"http:\/\/blogs.kent.ac.uk\/pspacek\/about\/\"><em>Read more &gt;&gt;<\/em><\/a><\/p>\n<h2 style=\"text-align: left\">Publications<\/h2>\n<ul style=\"text-align: left\">\n<li><em>Laurent polynomial Landau-Ginzburg models for cominuscule homogeneous spaces<\/em>, Transformation Groups, <a href=\"https:\/\/doi.org\/10.1007\/s00031-020-09636-7\">https:\/\/doi.org\/10.1007\/s00031-020-09636-7<\/a>, 2021 (see also <a href=\"https:\/\/arxiv.org\/abs\/1912.09122\">arxiv.org\/abs\/1912.09122<\/a>)<br \/>\nAlso summarized in <a href=\"https:\/\/publications.mfo.de\/handle\/mfo\/3745\">Oberwolfach Workshop Report 2020, 10<\/a>, p.16-18<\/li>\n<\/ul>\n<h2 style=\"text-align: left\">External Talks<\/h2>\n<ul style=\"text-align: left\">\n<li>Conference\u00a0 &#8220;<a href=\"https:\/\/www.impan.pl\/en\/activities\/banach-center\/conferences\/20-impanga\">IMPANGA 20<\/a>&#8221; (online, Bedlewo, Poland), 14\/07\/2021:\n<div><em>Landau-Ginzburg models for the small quantum cohomology of cominuscule homogeneous spaces<\/em><\/div>\n<\/li>\n<li><a href=\"https:\/\/calfseminar.weebly.com\/\">COW Junior Algebraic Geometers&#8217; seminar<\/a> (online, UK), 18\/06\/2021:\n<div><em>Landau-Ginzburg models for the small quantum cohomology of cominuscule homogeneous spaces<\/em><\/div>\n<\/li>\n<li>Conference &#8220;<a href=\"https:\/\/www.cirm-math.com\/virtual2221.html\">Quantum Groups and Cohomology Theory of Quiver and Flag Varieties<\/a>&#8221; (online, CIRM Marseille, France), 16\/12\/2020:<br \/>\n<em><a>Mirror symmetry for cominuscule homogeneous spaces<\/a><\/em><\/li>\n<li><a href=\"https:\/\/www.math-stockholm.se\/en\/kalender?date=2020-12-01&amp;length=31\">Stockholm Mathematics Center<\/a>, Algebra &amp; Geometry seminar (online, Stockholm U., Sweden), 04\/12\/2020: <em>Mirror symmetry for cominuscule homogeneous spaces<\/em><\/li>\n<li><a href=\"http:\/\/cow.alggeo.xyz\/summerschool2020.html\">COW\/EmSG\/GLEN joint summer school<\/a> (online, UK), mini-presentation, 08\/08\/2020: <em>Laurent polynomial Landau-Ginzburg models for cominuscule homogeneous spaces<\/em><\/li>\n<li>Mini-workshop \u201c<a href=\"https:\/\/www.mfo.de\/occasion\/2009b\/www_view\">Superpotentials in algebra and geometry<\/a>\u201d<br \/>\n(Mathematisches Forschungsinstitut Oberwolfach, Germany), 25\/02\/20:<br \/>\n<em>Laurent polynomial potentials for cominuscule homogeneous spaces<\/em><\/li>\n<li>Conference\u00a0\u201c<a href=\"https:\/\/sites.google.com\/outlook.com\/gael\/home\">G\u00e9om\u00e9trie Alg\u00e9brique en Libert\u00e9<\/a>\u201d\u00a0 (U. of Bucharest, Romania), 21\/06\/19: <em>Introducing Mirror Symmetry for Homogeneous Spaces<\/em><\/li>\n<li>Workshop \u201c<a href=\"https:\/\/sites.google.com\/view\/tgrt2019\/home\">Tropical Geometry meets Representation Theory II<\/a>\u201d (U. of Leicester), 11\/04\/19: <em>Introducing Mirror Symmetry for Homogeneous Spaces<\/em><\/li>\n<li><a href=\"https:\/\/warwick.ac.uk\/fac\/sci\/maths\/research\/events\/seminars\/areas\/jaws\/\">Junior Algebraic geometry Warwick<\/a> Seminar (U. of Warwick), 22\/10\/18:<br \/>\n<em>Mirror Symmetry for Homogeneous Spaces<\/em><\/li>\n<li>Workshop \u201c<a href=\"https:\/\/userpage.fu-berlin.de\/petracci\/CAAG\/\">Cluster Algebras and Algebraic Geometry<\/a>\u201d (U. of Nottingham), 13\/07\/18: <em>Constructing a Mirror for the Cayley Plane<br \/>\n<\/em><em><a href=\"http:\/\/blogs.kent.ac.uk\/pspacek\/talks\/\">Full list of talks &gt;&gt;<\/a><br \/>\n<\/em><\/li>\n<\/ul>\n<h2 style=\"text-align: left\">Recent Conferences &amp; Workshops<\/h2>\n<ul>\n<li>Conference\u00a0 \u201cIMPANGA 20\u201c, online, Bedlewo, Poland, 12-16\/07\/2021 \u2055<\/li>\n<li>Summer school \u201cEnumerative geometry, Physics and Representation Theory\u201c, online, IH\u00c9S, Paris, France, 05-16\/07\/2021<\/li>\n<li>Summer school \u201cOn Mirror Symmetry and Moduli Spaces 2021\u201c, online, U. Lisboa, Portugal, 29-30\/06\/2021<\/li>\n<li>Workshop &#8220;Compactifications of stability manifolds&#8221;, online, MPIM Bonn, Germany,\u00a0 8\/05\/2021<\/li>\n<li>Conference &#8220;Quantum Groups and Cohomology Theory of Quiver and Flag Varieties&#8221;\u00a0 online, CIRM Marseille, France, 16\/12\/2020<\/li>\n<li>COW\/EmSG\/GLEN joint summer school, online, 07-11\/09\/20<\/li>\n<li>Workshop \u201cMirror Symmetry and Cluster Algebras\u201d, U. of Cambridge, UK,<br \/>\n15-18\/07\/19<\/li>\n<li>GAeL Conference, U. of Bucharest, Romania, 17-21\/06\/19<\/li>\n<li>\u201c4th British Algebraic Geometers Meeting\u201d, U. of Liverpool, UK, 24-26\/04\/19<\/li>\n<li>Workshop \u201cTropical Geometry meets Representation Theory II\u201d, U. of Leicester, UK, 08-12\/04\/19<\/li>\n<li>Conference \u201cMirrors in the Midlands\u201d, U. of Birmingham, UK, 01-03\/04\/19<\/li>\n<li>Workshop \u201cGeometry and Mathematical Physics\u201d, Loughborough U., UK,<br \/>\n27-30\/03\/19<br \/>\n<em><a href=\"http:\/\/blogs.kent.ac.uk\/pspacek\/conferences\/\">Full list &gt;&gt;<\/a><\/em><\/li>\n<\/ul>\n","protected":false},"excerpt":{"rendered":"<p>About me I am currently a post-doc at the TU Chemnitz, under supervision of Prof Christian Sevenheck. Before, I was an Early Career Fellow of&#8230;<\/p>\n<div class=\"more-link-wrapper\"><a class=\"more-link\" href=\"https:\/\/blogs.kent.ac.uk\/pspacek\/\">Continue reading<span class=\"screen-reader-text\">Peter Spacek&#8217;s Homepage<\/span><\/a><\/div>\n","protected":false},"author":56654,"featured_media":0,"parent":0,"menu_order":0,"comment_status":"closed","ping_status":"closed","template":"","meta":[],"_links":{"self":[{"href":"https:\/\/blogs.kent.ac.uk\/pspacek\/wp-json\/wp\/v2\/pages\/9"}],"collection":[{"href":"https:\/\/blogs.kent.ac.uk\/pspacek\/wp-json\/wp\/v2\/pages"}],"about":[{"href":"https:\/\/blogs.kent.ac.uk\/pspacek\/wp-json\/wp\/v2\/types\/page"}],"author":[{"embeddable":true,"href":"https:\/\/blogs.kent.ac.uk\/pspacek\/wp-json\/wp\/v2\/users\/56654"}],"replies":[{"embeddable":true,"href":"https:\/\/blogs.kent.ac.uk\/pspacek\/wp-json\/wp\/v2\/comments?post=9"}],"version-history":[{"count":42,"href":"https:\/\/blogs.kent.ac.uk\/pspacek\/wp-json\/wp\/v2\/pages\/9\/revisions"}],"predecessor-version":[{"id":192,"href":"https:\/\/blogs.kent.ac.uk\/pspacek\/wp-json\/wp\/v2\/pages\/9\/revisions\/192"}],"wp:attachment":[{"href":"https:\/\/blogs.kent.ac.uk\/pspacek\/wp-json\/wp\/v2\/media?parent=9"}],"curies":[{"name":"wp","href":"https:\/\/api.w.org\/{rel}","templated":true}]}}