{"id":77,"date":"2024-10-30T15:20:54","date_gmt":"2024-10-30T15:20:54","guid":{"rendered":"https:\/\/blogs.kent.ac.uk\/easp2025\/?page_id=77"},"modified":"2024-11-08T15:54:52","modified_gmt":"2024-11-08T15:54:52","slug":"conspiracy-theories-and-misinformation","status":"publish","type":"page","link":"https:\/\/blogs.kent.ac.uk\/easp2025\/conspiracy-theories-and-misinformation\/","title":{"rendered":"Conspiracy Theories and Misinformation"},"content":{"rendered":"<p>Conspiracy theories and misinformation are abundant in social and political discourse, so much so that many commentators believe we are living with an \u201cinfodemic\u201d of false, confusing, and misleading information. In this workshop, we will examine the factors that attract people to these alternative narratives in the first place, what their consequences are for individuals, groups, and societies, and why people are inclined to share them. We also discuss what can be done to address some of the more damaging consequences of conspiracy theories and misinformation.<\/p>\n<p>We will consider questions such as:<\/p>\n<ul>\n<li>What is the appeal of conspiracy theories and misinformation?<\/li>\n<li>What are the consequences of conspiracy theories and misinformation, and what can we do about them?<\/li>\n<\/ul>\n<h2><strong>Workstream Leaders<\/strong><\/h2>\n<p><strong style=\"margin-bottom: 5px\">Karen Douglas<\/strong><br \/>\n<img loading=\"lazy\" class=\"alignnone wp-image-78\" style=\"margin-top: 0\" src=\"http:\/\/blogs.kent.ac.uk\/easp2025\/files\/2024\/10\/Karen-Douglas.jpg\" alt=\"Karen Douglas\" width=\"283\" height=\"283\" \/><\/p>\n<p>Professor of Social Psychology at the University of Kent in the United Kingdom. She is currently director of the CONSPIRACY_FX Project, funded by a European Research Council Advanced Grant, to study the consequences of conspiracy theories for individuals, groups, and societies.<\/p>\n<p><strong style=\"margin-bottom: 5px\">Sinan Alper<\/strong><br \/>\n<img loading=\"lazy\" class=\"alignnone wp-image-187\" src=\"http:\/\/blogs.kent.ac.uk\/easp2025\/files\/2024\/11\/Sinan-Alper.png\" alt=\"\" width=\"282\" height=\"288\" \/><\/p>\n<p>Associate Professor in the Department of Psychology at Ya\u015far University. He is the principal investigator of two ongoing research projects, funded by T\u00dcB\u0130TAK, on topics related to conspiracy theories, paranormal beliefs, and pseudoscience beliefs.<\/p>\n<h2><strong><em>Guest Teachers<\/em><\/strong><\/h2>\n<p><strong>Ricky Green<\/strong><br \/>\n<img loading=\"lazy\" class=\"alignnone wp-image-229\" src=\"http:\/\/blogs.kent.ac.uk\/easp2025\/files\/2024\/11\/Ricky-Green-1.png\" alt=\"\" width=\"270\" height=\"270\" \/><\/p>\n<p><span data-teams=\"true\"><span class=\"ui-provider a b c d e f g h i j k l m n o p q r s t u v w x y z ab ac ae af ag ah ai aj ak\" dir=\"ltr\">Dr Ricky Green is a social psychologist with an MSc in Political Psychology and a PhD in Social Psychology from the University of Kent. During his studies, he focused on the antecedents of conspiracy belief, such as attachment anxiety, emotion dysregulation, and collective narcissism. Now, as a postdoctoral researcher on the ERC-funded CONSPIRACY_FX project, he examines the societal and psychological consequences of conspiracy theories, especially in how they shape perceptions of conspiracy believers and groups. His recent research includes survey experiments assessing how people view individuals who share conspiracy theories versus those who do not, as well as a field experiment using the lost letter technique to observe cooperative behaviour toward conspiracy groups in the real world.\u00a0<\/span><\/span><\/p>\n<p><strong style=\"margin-bottom: 5px\">Daniel Toribio Florez<\/strong><br \/>\n<img loading=\"lazy\" class=\"alignnone wp-image-210\" src=\"http:\/\/blogs.kent.ac.uk\/easp2025\/files\/2024\/11\/Daniel-Toribio-Florez.jpg\" alt=\"\" width=\"267\" height=\"267\" \/><br \/>\n<span data-teams=\"true\"><span class=\"ui-provider a b c d e f g h i j k l m n o p q r s t u v w x y z ab ac ae af ag ah ai aj ak\" dir=\"ltr\">Daniel holds a BSc in Psychology from Universidad Aut\u00f3noma de Madrid, an MSc from the Vrije Universiteit Amsterdam, and a PhD from the Max Planck Institute for Research on Collective Goods. He is a full member of EASP and alumnus of the EASP Summer School (2020). Currently, as part of the ERC CONSPIRACY_FX project at the University of Kent, Daniel\u2019s research examines how conspiracy beliefs impact political attitudes, behaviors, and interpersonal relationships. His work intersects with broader interests in social norms, attitudinal ambivalence, and cognitive conflict, extending to the areas of political psychology, moral judgment, and decision-making. Committed to open science, Daniel is also interested in improving replication, transparency, and accessibility in science.\u00a0<\/span><\/span><\/p>\n<p><strong style=\"margin-bottom: 5px\">Mikey Biddlestone<\/strong><br \/>\n<img loading=\"lazy\" class=\"alignnone wp-image-173\" src=\"http:\/\/blogs.kent.ac.uk\/easp2025\/files\/2024\/10\/Mikey-Biddlestone.jpg\" alt=\"\" width=\"264\" height=\"246\" \/><\/p>\n<p><span data-teams=\"true\"><span class=\"ui-provider a b c d e f g h i j k l m n o p q r s t u v w x y z ab ac ae af ag ah ai aj ak\" dir=\"ltr\">Mikey Biddlestone is a Postdoctoral Research Associate on the CONSPIRACY_FX team. He has published meta-analyses of the literature, as well as experimental work testing misinformation interventions and the motives associated with conspiracy beliefs.<\/span><\/span><\/p>\n<p><strong><span class=\"ui-provider a b c d e f g h i j k l m n o p q r s t u v w x y z ab ac ae af ag ah ai aj ak\" dir=\"ltr\">Theofilos Gkinopoulos<\/span><\/strong><br \/>\n<img loading=\"lazy\" class=\"alignnone wp-image-230\" src=\"http:\/\/blogs.kent.ac.uk\/easp2025\/files\/2024\/11\/Theofilos-Gkinopoulos.png\" alt=\"\" width=\"260\" height=\"260\" \/><\/p>\n<p>Theofilos Gkinopoulos is an assistant professor at the Institute of Psychology of the Jagiellonian University and a visiting lecturer in mixed methods at the University of Warsaw (Faculty of Psychology). His current research focuses on understanding the intradividual and intergroup antecedents and consequences of people&#8217;s beliefs, including conspiracy beliefs, and behaviors in times of crises. He has also been guest (co)editor of three special issues on intergroup apologies, morality and social norms.<\/p>\n","protected":false},"excerpt":{"rendered":"<p>Conspiracy theories and misinformation are abundant in social and political discourse, so much so that many commentators believe we are living with an \u201cinfodemic\u201d of &hellip; <a href=\"https:\/\/blogs.kent.ac.uk\/easp2025\/conspiracy-theories-and-misinformation\/\">Read&nbsp;more<\/a><\/p>\n","protected":false},"author":83787,"featured_media":0,"parent":0,"menu_order":0,"comment_status":"closed","ping_status":"closed","template":"","meta":[],"_links":{"self":[{"href":"https:\/\/blogs.kent.ac.uk\/easp2025\/wp-json\/wp\/v2\/pages\/77"}],"collection":[{"href":"https:\/\/blogs.kent.ac.uk\/easp2025\/wp-json\/wp\/v2\/pages"}],"about":[{"href":"https:\/\/blogs.kent.ac.uk\/easp2025\/wp-json\/wp\/v2\/types\/page"}],"author":[{"embeddable":true,"href":"https:\/\/blogs.kent.ac.uk\/easp2025\/wp-json\/wp\/v2\/users\/83787"}],"replies":[{"embeddable":true,"href":"https:\/\/blogs.kent.ac.uk\/easp2025\/wp-json\/wp\/v2\/comments?post=77"}],"version-history":[{"count":18,"href":"https:\/\/blogs.kent.ac.uk\/easp2025\/wp-json\/wp\/v2\/pages\/77\/revisions"}],"predecessor-version":[{"id":277,"href":"https:\/\/blogs.kent.ac.uk\/easp2025\/wp-json\/wp\/v2\/pages\/77\/revisions\/277"}],"wp:attachment":[{"href":"https:\/\/blogs.kent.ac.uk\/easp2025\/wp-json\/wp\/v2\/media?parent=77"}],"curies":[{"name":"wp","href":"https:\/\/api.w.org\/{rel}","templated":true}]}}