{"id":1362,"date":"2023-05-19T14:48:51","date_gmt":"2023-05-19T13:48:51","guid":{"rendered":"https:\/\/blogs.kent.ac.uk\/animaladvocacy\/?page_id=1362"},"modified":"2023-06-02T06:59:42","modified_gmt":"2023-06-02T05:59:42","slug":"posters-2","status":"publish","type":"page","link":"https:\/\/blogs.kent.ac.uk\/animaladvocacy\/posters-2\/","title":{"rendered":"Posters"},"content":{"rendered":"<h3><span style=\"color: #008000\">Poster Session 1<\/span><\/h3>\n<h4>Friday June 23, 13:00-14:00<\/h4>\n<ol>\n<li><strong>Catherine A. Forestell <\/strong>(William &amp; Mary). A Matter of Taste, Health, and Tradition: Parents\u2019 Rationales for Introducing Meat to their Children<\/li>\n<li><strong>Philip McKibbin <\/strong>(The University of Sydney). Crafting a Loving Research Project<\/li>\n<li><strong>Marzena Cypryanska <\/strong>(SWPS University of Social Science and Humanities). Vegetarianism and the endorsement of prosocial values<\/li>\n<li><strong>Caitlin Mercier <\/strong>(Illinois State University)<strong><span data-sheets-value=\"{&quot;1&quot;:2,&quot;2&quot;:&quot;Illinois State University&quot;}\" data-sheets-userformat=\"{&quot;2&quot;:14593,&quot;3&quot;:{&quot;1&quot;:1},&quot;11&quot;:4,&quot;14&quot;:{&quot;1&quot;:2,&quot;2&quot;:0},&quot;15&quot;:&quot;Calibri&quot;,&quot;16&quot;:11}\">. <\/span><\/strong>Black Feminist Approaches to Anti-Black Racism and Speciesism<\/li>\n<li><strong>Matt Backhouse <\/strong>(Four Paws International).\u00a0Cultural myths of dog and cat meat consumption in Southeast Asia<\/li>\n<li><strong>Brenda de Groot <\/strong>(<span data-sheets-value=\"{&quot;1&quot;:2,&quot;2&quot;:&quot;Leiden University, Institute of Psychology, Cognitive Psychology Unit, Wassenaarseweg 52, 2333 AK Leiden, The Netherlands&quot;}\" data-sheets-userformat=\"{&quot;2&quot;:14787,&quot;3&quot;:{&quot;1&quot;:1},&quot;4&quot;:{&quot;1&quot;:2,&quot;2&quot;:15120559},&quot;9&quot;:0,&quot;10&quot;:0,&quot;11&quot;:4,&quot;14&quot;:{&quot;1&quot;:2,&quot;2&quot;:0},&quot;15&quot;:&quot;Calibri&quot;,&quot;16&quot;:11}\">Leiden University).<\/span>\u00a0Like (and) I care: Exploring the role of cognitive and affective factors in moral concern for animals<\/li>\n<li><strong>Leyla De Amicis <\/strong>(University of Glasgow): The role of food choice, speciesism and perception of climate change on donating differently to different animal charities<\/li>\n<li><strong>Jah Ying Chung <\/strong>(University of Sydney; The Good Growth Co.)<strong>.<\/strong>\u00a0Bridging Gaps in Collaborative Research: Case Studies of Engaging with Effectiveness-focused Animal Advocacy Nonprofits<\/li>\n<li><strong>Noemi Thiede <\/strong>(Max Planck Institute for Evolutionary Anthropology)<strong>.<\/strong>\u00a0Moral Attitudes Towards Humans and Other Animals Across Diverse Societies<\/li>\n<\/ol>\n<h3><span style=\"color: #008000\">Poster Session 2<\/span><\/h3>\n<h4>Saturday June 24, 12:30-13:30<\/h4>\n<ol>\n<li><strong>Olivia Gunther <\/strong>(University of Calgary)<strong>.<\/strong>\u00a0Associating factory farming with animal cruelty (vs. zoonotic disease or control) changes meat-relevant behaviour and policies<\/li>\n<li><strong>Claire Bonello <\/strong>(University of Malta)<strong><span data-sheets-value=\"{&quot;1&quot;:2,&quot;2&quot;:&quot;University of Malta&quot;}\" data-sheets-userformat=\"{&quot;2&quot;:14593,&quot;3&quot;:{&quot;1&quot;:1},&quot;11&quot;:4,&quot;14&quot;:{&quot;1&quot;:2,&quot;2&quot;:0},&quot;15&quot;:&quot;Calibri&quot;,&quot;16&quot;:11}\">. <\/span><\/strong>Hot Potato: The Perceptions of University Students towards a Vegan Diet and Lifestyle<\/li>\n<li><strong>Christophe Gagn\u00e9 <\/strong>(Universit\u00e9 du Qu\u00e9bec \u00e0 Montr\u00e9al)<strong>.<\/strong>\u00a0Social identity and dietary behaviors: Social identification with animals predicts meat consumption<\/li>\n<li><strong>Catherine A. Forestell <\/strong>(William &amp; Mary). Birds of a Feather Flock Together: The Roles of Gender Norms and Dietary Similarity in Determining the Attractiveness of Potential Romantic Partners<\/li>\n<li><strong>Annalyse Ellis <\/strong>(<span data-sheets-value=\"{&quot;1&quot;:2,&quot;2&quot;:&quot;University of Edinburgh&quot;}\" data-sheets-userformat=\"{&quot;2&quot;:14593,&quot;3&quot;:{&quot;1&quot;:1},&quot;11&quot;:4,&quot;14&quot;:{&quot;1&quot;:2,&quot;2&quot;:0},&quot;15&quot;:&quot;Calibri&quot;,&quot;16&quot;:11}\">University of Edinburgh).<\/span>\u00a0The impact of self-expansion, perceived pet responsiveness, perceived pet insensitivity, attachment, and animal attitudes on variability of well-being outcomes in pet owners<\/li>\n<li><strong>Ru\u015fen Ali Sayat <\/strong>(Middle East Technical University). Meat-eating justifications in Turkey<\/li>\n<li><strong>Leanne Proops <\/strong>(University of Portsmouth). Belief in animal sentience and an affective attitude is linked to positive working animal welfare across countries.<\/li>\n<li><strong>Elise Hankins <\/strong>(University of Edinburgh). The Moral Standing of Beloved and Beloathed Animals: A Comparison Study Between Meat and Nonmeat Eaters<\/li>\n<li><strong>Julia Erhardt <\/strong>(Bavarian State Ministry of Food, Agriculture and Forestry). How to address the hurdles for parents to introduce a plant-based diet to their children<\/li>\n<\/ol>\n","protected":false},"excerpt":{"rendered":"<p>Poster Session 1 Friday June 23, 13:00-14:00 Catherine A. Forestell (William &amp; Mary). A Matter of Taste, Health, and Tradition:&hellip; <a class=\"read-more\" href=\"https:\/\/blogs.kent.ac.uk\/animaladvocacy\/posters-2\/\">Read more <span class=\"screen-reader-text\">Posters<\/span><\/a><\/p>\n","protected":false},"author":53383,"featured_media":0,"parent":0,"menu_order":0,"comment_status":"closed","ping_status":"closed","template":"","meta":[],"_links":{"self":[{"href":"https:\/\/blogs.kent.ac.uk\/animaladvocacy\/wp-json\/wp\/v2\/pages\/1362"}],"collection":[{"href":"https:\/\/blogs.kent.ac.uk\/animaladvocacy\/wp-json\/wp\/v2\/pages"}],"about":[{"href":"https:\/\/blogs.kent.ac.uk\/animaladvocacy\/wp-json\/wp\/v2\/types\/page"}],"author":[{"embeddable":true,"href":"https:\/\/blogs.kent.ac.uk\/animaladvocacy\/wp-json\/wp\/v2\/users\/53383"}],"replies":[{"embeddable":true,"href":"https:\/\/blogs.kent.ac.uk\/animaladvocacy\/wp-json\/wp\/v2\/comments?post=1362"}],"version-history":[{"count":11,"href":"https:\/\/blogs.kent.ac.uk\/animaladvocacy\/wp-json\/wp\/v2\/pages\/1362\/revisions"}],"predecessor-version":[{"id":1416,"href":"https:\/\/blogs.kent.ac.uk\/animaladvocacy\/wp-json\/wp\/v2\/pages\/1362\/revisions\/1416"}],"wp:attachment":[{"href":"https:\/\/blogs.kent.ac.uk\/animaladvocacy\/wp-json\/wp\/v2\/media?parent=1362"}],"curies":[{"name":"wp","href":"https:\/\/api.w.org\/{rel}","templated":true}]}}